 = 8*t**2 + 24*t + 1. Let z(r) = -6*m(r) + 7*n(r). Calculate the remainder when z(3) is divided by 117.
112
Let z be (40/16)/(2/4). Suppose 30*k - 1378 = -z*c + 34*k, -2*c - 4*k = -568. What is the remainder when c is divided by 71?
65
Let k = -1 - -3. Suppose 4*h - r = 281, -k*h = 3*h + 5*r - 320. Calculate the remainder when h is divided by (1 + -3)/(6*(-1)/72).
21
What is the remainder when 38176 is divided by (10 + -1)*6174/196*2/3?
187
Let q(x) = 3*x - 2. Suppose -3*u = 4*j - 77, -u + 4*j = 5*j - 26. Suppose -u = -5*w + 13. What is the remainder when 61 is divided by q(w)?
17
Suppose 4*y + 4*y = 1216. Suppose -2*k + 82 = -3*u, 6*k + y = 10*k - 3*u. Let g = 5 + 11. What is the remainder when k is divided by g?
3
What is the remainder when 3716 is divided by (-6)/10 - 8024/(-590)?
11
Let g = -20485 + 20623. Suppose -b + o + 7 + 56 = 0, -5*b = -2*o - 312. What is the remainder when g is divided by b?
14
Suppose -3*a + 3*w = -272 + 11, w + 269 = 3*a. Calculate the remainder when 1285 is divided by a.
11
Let r(f) = -f**3 - 7*f**2 + 6*f + 14. Let l(w) = -3*w + 7. Let b = -29 + 34. Let s be l(b). Calculate the remainder when 89 is divided by r(s).
29
Suppose 78*c - 75*c = 45. Calculate the remainder when 3885/10 - c/(-10) is divided by 8.
6
Let t be (-492)/(-21) + 4/7. Let m(v) = 4*v**2 + 3*v - 5. What is the remainder when 6*4/t + 185 is divided by m(2)?
16
Let k = 671 + -1256. Suppose 5*z = 2*z + 45. What is the remainder when (-32)/(-10)*k/(-78) is divided by z?
9
Let u be (3/5)/((-2)/(-40)). Calculate the remainder when 3 - 4/((-4)/2) is divided by -2*27/u*34/(-51).
2
Let x(m) = 14*m**2 - 2*m + 2. Let h be (-57)/(-76) - (-2)/8. Let v be x(h). Let d = -6 + v. What is the remainder when 38 is divided by d?
6
Let p = -200 - -202. Calculate the remainder when p/3*(-9102)/(-41) is divided by 26.
18
Let h = 24 + 84. Let f = 122 - h. Let x = f - 11. Calculate the remainder when 23 is divided by x.
2
Let y(q) = 4*q**2 + 54*q - 392. Calculate the remainder when 10190 is divided by y(7).
180
Let q(r) = r**2 - 4*r - 634. Let z(d) = -d + 1. Let k(j) = -14*j. Let p(f) = k(f) - 2*z(f). What is the remainder when q(28) is divided by p(-2)?
16
Let l(a) = a + 20. Let i be l(-16). Let x be -45 + 1/(i/(-8)). Let c = 51 + x. Calculate the remainder when 11 is divided by c.
3
Let w be 4047/(-284)*(2*-4)/(-2). Let z = 3 - w. Suppose -z = -2*s - 24. Calculate the remainder when 30 is divided by s.
12
Let y(o) = -o**2 - 71*o + 311. Calculate the remainder when y(-64) is divided by 128.
119
Suppose 5*j = 14*j - 45. Let b = -91 - -106. Calculate the remainder when b is divided by j.
0
Let a = 4629 + -4446. Calculate the remainder when 341 is divided by a.
158
Let b = 1528 + -1494. Calculate the remainder when 129 is divided by b.
27
Suppose 17*j - 13784 = 7279. What is the remainder when j is divided by 31?
30
Let q = -112 + 134. What is the remainder when (-5)/(15/(-6)) + 129 is divided by ((-165)/(-10))/11*q?
32
Let b = -18 + 32. Suppose -b*j = -16*j + 378. Calculate the remainder when j is divided by 48.
45
Let p = 265 + 665. Suppose -27*v = -p - 123. Calculate the remainder when v is divided by 17.
5
Suppose 4*j - 60 = -2*k, 36 + 93 = 4*k + 5*j. Let u = 38 - k. Suppose u*t - 7*t + 15 = 0. What is the remainder when 4 is divided by t?
1
Let b = -112444 - -112573. Suppose 142 = 3*t + 37. Calculate the remainder when b is divided by t.
24
What is the remainder when 88 is divided by ((-4)/(-12))/(8/984)?
6
Suppose 31 = -3*n + 43. Suppose n*x - 29 = 247. What is the remainder when x is divided by 14?
13
Suppose 4*a + 5*q = 1769, 13*a - 14*a = 4*q - 434. What is the remainder when a is divided by 21?
5
Calculate the remainder when 1291 is divided by 1 + 111 + -3 + 9/(-27)*27.
91
Suppose 2*k = -4*g + 276, 4*k - g - 968 = -443. What is the remainder when 154 is divided by k?
22
Suppose 0 = 3*q - 4*v - 759, v = q + 130 - 381. What is the remainder when q is divided by 69?
38
Let w(g) = g**3 - 34*g**2 - 31*g - 70. Calculate the remainder when 269 is divided by w(35).
59
Suppose 0 = 18*g + 15*g - 594. Let l(c) = -18*c + 1 - 10 - c**2 + 0*c**2. What is the remainder when l(-7) is divided by g?
14
Let z(r) = -4*r**2 - 31*r - 16. Let b be z(-7). Calculate the remainder when (-4)/b - 2/((-80)/2392) is divided by 23.
13
Suppose 5*y = -4*g + 33, 9 = -3*g + 42*y - 39*y. Calculate the remainder when (2653/14)/(7/g - 3) is divided by 95.
94
Let g = -7764 - -7909. Calculate the remainder when 2173 is divided by g.
143
Let n(d) = 2*d**3 - 9*d**2 - 150*d + 1329. What is the remainder when 1168 is divided by n(8)?
14
Suppose -5*k + 5*a = -25, -2*k - 86 = 2*a - 96. Let y = -15 - -22. Suppose c = y*c - 18. Calculate the remainder when k is divided by c.
2
Let l be 4/(-18) + 208/(-36). Let u be (0 - (0 + l)) + -2. Suppose 4*t - 128 = -0*k - 3*k, -5*k + 128 = u*t. What is the remainder when 94 is divided by t?
30
Suppose -37*o = -194 - 113 - 63. Let u(y) = y + 8. Let d be u(-8). Suppose -5*q + 113 + 22 = d. Calculate the remainder when q is divided by o.
7
Let h(z) = 8*z + 276. Calculate the remainder when h(-23) is divided by 42.
8
Suppose -3*v + 3675 = 3*f, 5*f = 7*f - 3*v - 2470. Calculate the remainder when f is divided by 30.
29
Suppose -3*p - 3 = -0*p. Let k be -2 + (-3 - p) - -63. Suppose 0*z - 177 = -3*z + 3*y, 0 = z - 3*y - k. What is the remainder when z is divided by 12?
11
Suppose -5*m = -20, -n - 72 = m - 4*m. Let o be (0 - 8/24)/(3/666). Let l = n - o. Calculate the remainder when l is divided by 8.
6
Let s = 172 - 105. Let o(c) = 31*c + 11. Let q(z) = 46*z + 16. Let b(f) = 7*o(f) - 5*q(f). Calculate the remainder when s is divided by b(-2).
21
Calculate the remainder when 6/(-12)*(-192 + 6) is divided by -10*(66/(-15) - -2).
21
Let q(z) = -4*z**3 + 83*z**2 + 22*z + 39. What is the remainder when 170 is divided by q(21)?
50
Calculate the remainder when (-3674)/(-2) + 88 + -101 is divided by 29.
26
Suppose 0 = q + 2*c + 14, 5*c - 11 - 17 = q. Let i be q/(-63) - 40/(-7). Calculate the remainder when 102 is divided by 35*((-9)/(-15) + i + -6).
18
Let r(n) = n**2 + 53*n + 874. Calculate the remainder when 508 is divided by r(-26).
164
Calculate the remainder when 5451 is divided by 1 + 3/(-6) + (53475/(-50))/(-23).
46
Suppose -3*o - 8*b = -91, -393*o + 100 = -388*o + 3*b. What is the remainder when 247 is divided by o?
9
Let y(q) = -7*q**2 + 5*q - 60. Let d(o) = 5*o**2 - 5*o + 59. Let b(h) = -4*d(h) - 3*y(h). Calculate the remainder when 237 is divided by b(-13).
45
Let s(q) = q**3 + 15*q**2 + 15*q + 5. Let h be s(-14). Let i = 9 - -8. Calculate the remainder when 4 - -44 - (-9)/h is divided by i.
13
Let i(l) = 5 + 2*l**2 - l**2 + 8*l + 5. Let q be i(-3). What is the remainder when 28 is divided by (q/((-40)/6))/(2/16)?
4
Let c = 1660 - 1590. Calculate the remainder when 4269 is divided by c.
69
Let a(r) = 4*r**2 - 42*r - 117. Suppose 0 = f - 28 - 85. Calculate the remainder when f is divided by a(13).
9
Suppose -93 = 4*s - 4*u + 131, 0 = -2*s - u - 115. Let c = s + 25. What is the remainder when 85 is divided by -55*8/c*8/5?
19
Let a(r) = r**3 - 17*r**2 + 24*r - 8. Let f be a(16). Suppose -3*z - 3*x = -159, 2*z - 3*x - 2*x - f = 0. What is the remainder when z is divided by 20?
15
Suppose 3*g - 591*b = -596*b + 30, -3*b = -3*g + 54. What is the remainder when 5050 is divided by g?
10
Suppose 4*o - 3300 - 3292 = 0. What is the remainder when (o/(-32))/(0 + 2/(-4)) is divided by 8?
7
Let k(u) = -20*u - 183. Let w = 286 - 296. What is the remainder when 83 is divided by k(w)?
15
Suppose 0 = 4*j + 2*l - 24, -12 = 24*l - 27*l. Calculate the remainder when 67 is divided by j.
3
Let q = 30 + -28. Suppose 0*a - 4*a - 5*n = -249, -5*a + 324 = q*n. What is the remainder when 2/(-11) + 342/a is divided by 2?
1
Suppose -4383 = -13*i + 6134. Calculate the remainder when i is divided by 164.
153
Suppose -4 = -3*h + 5. Suppose d = h*d - 30. Suppose -144 = -d*l + 126. Calculate the remainder when 31 is divided by l.
13
Let l = -1 + 5. Let c = -37 + 35. What is the remainder when c/11 + ((-1605)/(-55) - 6) is divided by l?
3
Suppose -h + 6*h = -2*t + 107, -5*t = 4*h - 89. Suppose 0 = 13*x - h*x + 400. What is the remainder when 546 is divided by x?
46
Let j(g) = g**2 - 16*g - 14. Let u be j(